 = 0. Suppose 5*g = -d - 3, v = d - 0*d. Give t(g).
4
Let c(l) be the third derivative of -l**6/180 - l**5/24 + l**4/24 - 5*l**3/6 + 4*l**2. Let o(b) be the first derivative of c(b). Give o(-4).
-11
Let t(w) = 2*w + 4. Let h = 14 + -20. What is t(h)?
-8
Let t(x) be the second derivative of -x**3/6 - 2*x**2 + 8*x. What is t(0)?
-4
Let x(q) = q**2 + 6*q + 4. Let t be 4*(-1 - 2/(-8)). Calculate x(t).
-5
Let y be (-1)/(-3 + (-8)/(-2)). Let i(c) = 3*c - 1. What is i(y)?
-4
Let v = 35 + -25. Suppose 0 = 4*k - 86 + v. Suppose -4 = 5*f - k. Let o(w) = -w**2 + 3*w - 3. Give o(f).
-3
Let w(z) = -z**3 + z**2 - z - 1. Let b(r) = 5*r**3 - r**2 + 2*r + 8. Let y(c) = b(c) + 6*w(c). What is y(4)?
2
Let u(v) be the first derivative of 2*v**2 + v - 1/3*v**3 - 2. Give u(5).
-4
Let x(d) = d**3 - d**2 + d - 2. Let v(w) = -w**3 - 2*w**2 + w - 2. Let k be v(-3). Suppose -i + 3*i - k = 0. Calculate x(i).
4
Let q(x) be the third derivative of -x**5/10 - x**4/8 - x**3/6 - 17*x**2. What is q(-2)?
-19
Let u be -1 - (3 - 6) - -3. Let q = -1 + 3. Let p(o) = 3 + 0 + q*o - 5*o + 2*o. What is p(u)?
-2
Let r be (-4)/2 - 5*-1. Let q(j) = -j**3 - j**3 - 4*j**2 + j**3 + 4*j - 5*j + r. What is q(-4)?
7
Let i(c) = -c**3 + 6*c**2 - c. Let j(b) = -b**3 + 7*b**2 + 9*b - 7. Let n be j(8). Let a be (-1 - n) + 2*4. Determine i(a).
-6
Let k(a) = 3*a + 1. Let u(p) = p**2 - p + 5. Let y be u(0). Let x(s) = -5*s - 2. Let f be ((-1)/3)/((-2)/48). Let j(o) = f*k(o) + y*x(o). Calculate j(-2).
0
Let l be (-21)/35*5/(-6). Let n(c) be the second derivative of l*c**2 + 0 + 1/3*c**3 - 1/3*c**4 - 2*c. What is n(-1)?
-5
Let a(w) = 7*w**3 - 2*w**2 + 1. Let m be ((-4)/((-100)/5))/((-2)/(-10)). Give a(m).
6
Let g(q) = 4*q - 4*q - 1 + q. Let i = -13 - -10. Give g(i).
-4
Let c(k) be the first derivative of k**5/20 + k**4/2 + 2*k**3/3 - 2*k**2 - 10*k + 2. Let y(x) be the first derivative of c(x). Calculate y(-5).
1
Let d(w) = w**2 - 6*w - 3. Suppose 3*l = t + 6, -2 = t - 0*l - 2*l. Give d(t).
-3
Let q(f) be the third derivative of f**5/60 + 7*f**4/24 - 5*f**3/6 - 6*f**2. What is q(-7)?
-5
Let c be 2*(-1)/(-2)*-5. Let s(r) = 3*r**2 + 0*r - 4*r**2 - 5*r. Determine s(c).
0
Let y(k) = -3*k + 3. Let a(h) = 8*h - 9. Let m(o) = 6*a(o) + 17*y(o). What is m(4)?
-15
Suppose -3*l = 2*l - 20. Let q = 0 + l. Let r(x) = -x**2 - 3 + 1 + q + x. Give r(3).
-4
Let d(q) = 9*q**2 - 1. Let h(g) = g**2 + g + 1. Let s be h(-1). Let u = s - -2. Suppose 3 = -u*n - 0. Calculate d(n).
8
Let f(l) = l**3 - 7*l**2 + 5*l + 6. Let o = -15 + 25. Let u(m) = m - 4. Let g be u(o). Determine f(g).
0
Let b(f) = 7*f + 1. Let i be b(1). Let g(n) = -i + 3*n**3 + 0*n**3 + 10*n + 5*n**2 - 4*n**3 + 0*n**3. Give g(6).
16
Suppose 3*t + 3*q = -6, -3*q - 16 = 3*t + 2*q. Let i(f) = f + 4. Give i(t).
7
Let d(u) = -u**2 + 4*u - 3. Let h be d(4). Let m(q) be the first derivative of q**2/2 + 2*q + 29. What is m(h)?
-1
Let u(r) = -2 - 4*r + 2*r**3 - 183*r**2 - r**3 + 186*r**2. What is u(-4)?
-2
Let v(y) be the second derivative of -3*y + 3/10*y**5 - 1/12*y**4 - 1/2*y**2 + 0 - 1/3*y**3. Suppose 3*t - 6 = -2*s + 5*t, 14 = -2*s - 3*t. Calculate v(s).
-6
Suppose 3*t = -k + 5 + 7, -4 = -t + k. Let j(m) = -m**2 + 4*m. Determine j(t).
0
Suppose 4 = 3*b + 1, 2*l + 2*b = 10. Let c(t) be the second derivative of -t**5/20 + t**4/6 + 5*t**3/6 + 3*t**2/2 - t. Give c(l).
-9
Let z(w) = 3*w + 0*w + 0*w - 4*w + w**2. Let l be (2 - 1)*1 + 0. Let b = l - 2. Determine z(b).
2
Let d = 27 - 29. Let p(n) = n**3 + n**2 - n - 1. What is p(d)?
-3
Suppose -2*t = 3*t - 10. Let r = t - 2. Let z(l) = r - 1 + 3*l - 2*l. Give z(1).
0
Let c(n) = 2*n**2 - 19 - n**2 + 23 - 8*n. Determine c(3).
-11
Let l(s) be the third derivative of s**5/60 + s**4/24 - 8*s**3/3 + 7*s**2. Calculate l(0).
-16
Let b(j) be the second derivative of j**4/12 + 5*j**3/6 - 5*j**2/2 + 6*j. Determine b(-5).
-5
Let t(x) = -x**3 - 7*x**2 - 2*x - 5. Let u be t(-7). Let b = -28 - -29. Let j(d) = -10*d - b - 2 + u*d. What is j(-6)?
3
Let i(d) = 7*d**3 + 5*d**2 + 4*d - 8. Let w(m) = 8*m**3 + 6*m**2 + 5*m - 9. Let g(l) = 7*i(l) - 6*w(l). What is g(-2)?
-10
Let i be (-3 - 21/(-6))*8/12. Let p(w) be the first derivative of -3 - 3/2*w**2 + i*w**3 + 0*w. Determine p(3).
0
Let y(d) = -3*d - 1. Let u = -29 + 14. Let w = u + 14. Calculate y(w).
2
Let c be 4 + (-3)/2*4/3. Let j(s) be the second derivative of 0 + 1/2*s**2 + 1/3*s**3 - c*s. Calculate j(-3).
-5
Let c(r) = -r**2 - r + 1. Let h(w) = 3*w**2 + 4*w - 6. Let z(y) = -4*c(y) - h(y). Let l(s) = -s**2 - 3*s + 7. Let j be l(-5). Calculate z(j).
11
Let w(r) be the second derivative of -r**3/6 - 3*r**2 - r. Let l = 0 + 0. Calculate w(l).
-6
Let r(m) be the second derivative of 1/12*m**4 - 1/6*m**3 - m**2 + 0 - 7/60*m**5 - 2*m. Let v(f) be the first derivative of r(f). Calculate v(1).
-6
Let g(y) = -6*y - 7. Let h(j) = -3*j - 4. Let a(o) = 6*g(o) - 11*h(o). What is a(3)?
-7
Let i(n) = -6*n**2 - 7*n. Let d(z) = -2*z - 5. Let p be d(-5). Let h(x) = -x**2 + 1. Let k(o) = p*h(o) - i(o). Calculate k(-5).
-5
Let p(c) = -2*c. Suppose -2*d - g = -0*d - 12, 3*d - 17 = -2*g. Suppose 4*f = -0*k + k + d, -5*k - 14 = f. What is p(k)?
6
Let c = -4 + 1. Let a(x) be the third derivative of 5*x**4/24 + 2*x**3/3 - 10*x**2 + 3. Calculate a(c).
-11
Let b(f) = 6*f - 1. Let k(c) be the second derivative of 2*c + 0 + 1/2*c**2 + 1/12*c**4 - 7/6*c**3. Let s(o) = -6*b(o) - 5*k(o). Calculate s(1).
-5
Let k(g) = g - 2. Let d(j) = 2*j**3 - 5*j**2 + 8*j - 3. Let p be d(2). What is k(p)?
7
Suppose -2*k - 36 = -0*k. Let b be 114/27 + 4/k. Suppose -2*o + 0*f - 3*f - 5 = 0, -4*f = 2*o + b. Let s(j) = 2*j. Determine s(o).
-8
Let l be (-2 - -3) + 4 + -32. Let m = -27 - l. Let j(u) = u**3 + u + 2. Give j(m).
2
Let m(i) = -5*i - 2*i**3 + i**2 + 2*i**2 - 6 + 3*i**3. Let b = 31 + -19. Let q be (-39)/b - 3/4. Determine m(q).
-2
Let x(h) = -2*h**3 + 2*h**2 - 2*h + 1. Suppose 5*r - 16 = -11. What is x(r)?
-1
Let f(x) = -x + 8. Let j be f(4). Suppose 0 = -j*a - a - 15. Let l(q) = -3*q + 2. Let n(g) = g. Let y(t) = l(t) + 4*n(t). Determine y(a).
-1
Let o be 2/(-11) + (-6)/(-33). Let i(w) = -32*w + 9 + 32*w + 0*w**2 + w**2. Determine i(o).
9
Let t(f) = -4*f - 4. Let d(i) = -i. Let x(s) = 3*d(s) - t(s). Give x(-2).
2
Let p(u) = -u**2 - u - 4. Let y be (-9)/6*(-5 + 7). What is p(y)?
-10
Let u be (-4)/(-18) + (-14)/63. Let k(d) be the third derivative of -d**4/24 + d**3/2 - 4*d**2. Calculate k(u).
3
Let p(j) = j**2 + 6*j - 3. Let z be (-64)/10 - (-3)/(-5). Calculate p(z).
4
Let z(a) = 4*a**2 + 17*a + 8. Let k(w) = w**2 + 4*w + 2. Let f(o) = 9*k(o) - 2*z(o). Give f(-2).
2
Let z(t) be the third derivative of t**6/120 - t**5/10 + t**4/4 + t**3/3 - t**2. Give z(5).
7
Let o be (9/24 - (-35)/(-8)) + 7. Let f(u) = -u - 2. Give f(o).
-5
Let r(w) = w**2 - 2*w + 4. Let j be (-58)/(-6) - 4/6. Suppose 5*u = 4*y - j, 0*y - 5*y + 1 = 4*u. Let s be 0 + (1 - -1) + y. What is r(s)?
7
Let h be 120/9 + (-3)/9. Let z = 14 - h. Let l(a) = -9*a + 1. Calculate l(z).
-8
Let l(f) = 2*f**2 - 5*f + 2. Suppose -4*a - 7 = 1, a = 5*r - 22. Suppose r*k - 27 = 3*s, 5*s + 9 = -k - 13. Determine l(k).
5
Let q(p) be the second derivative of -p**4/12 - 3*p**3/2 - 4*p**2 + 14*p. Give q(-9).
-8
Let b(r) = 3*r - 4. Suppose -5*j = -j - 8. Let f(o) = -3*o + 3. Let u be f(j). Let t = u - -6. Give b(t).
5
Let c(l) be the third derivative of -l**4/12 + l**3/3 - 3*l**2. Let m(x) = x**3 + 8*x**2 - 9*x + 2. Let n be m(-9). What is c(n)?
-2
Let x(p) = p**2 - 10*p + 9. Suppose 4*m + 3*g - 36 = 0, 0*g = 3*g. What is x(m)?
0
Let f(u) = -5*u**3 - 2*u**2 - 2*u + 2. Let x(c) = 14*c**3 + 7*c**2 + 5*c - 6. Let o(q) = 11*f(q) + 4*x(q). Let w = -41 - -35. What is o(w)?
10
Let x = 5 + -11. Let r(j) = -9*j - 17. Let k(i) = -3*i - 6. Let y(u) = x*r(u) + 17*k(u). Determine y(-2).
-6
Let h = -29 - -41. Let t be ((-16)/h)/((-2)/3). Let n(f) = -3*f**2 - 2*f + 5*f**2 - f**t + f**3. Give n(-2).
0
Let j(x) be the first derivative of -x**3/3 - 3*x**2/2 + 5*x + 1. Let z be ((-1)/2)/(2/(-36)). Suppose 4*i - 5*b + 5 = i, 3*b - z = 3*i. What is j(i)?
-5
Let a be (4/(-10))/(2/10). Let w(p) = 2*p**2 + 32 + 93*p - 89*p - 30. What is w(a)?
2
Let b(l) = 14*l**3 - 26*l**2 - 8*l + 14. Let p(n) = -5*n**3 + 9*n**2 + 3*n - 5. Let i(z) = -4*b(z) - 11*p(z). Calculate i(5).
-6
Let z(j) = -j**3 - 6*j**2 - j - 7. Le